{"id":33,"date":"2017-04-12T20:10:37","date_gmt":"2017-04-12T18:10:37","guid":{"rendered":"http:\/\/cllajvdb.fr\/?page_id=33"},"modified":"2017-04-13T10:13:21","modified_gmt":"2017-04-13T08:13:21","slug":"33-2","status":"publish","type":"page","link":"http:\/\/cllajvdb.fr\/?page_id=33","title":{"rendered":"Qui sommes-nous ?"},"content":{"rendered":"<p>&nbsp;<\/p>\n<p><img loading=\"lazy\" class=\"alignnone size-full wp-image-34\" src=\"http:\/\/cllajvdb.fr\/wp-content\/uploads\/2017\/04\/entete_2.jpg\" alt=\"\" width=\"550\" height=\"200\" srcset=\"http:\/\/cllajvdb.fr\/wp-content\/uploads\/2017\/04\/entete_2.jpg 550w, http:\/\/cllajvdb.fr\/wp-content\/uploads\/2017\/04\/entete_2-300x109.jpg 300w\" sizes=\"(max-width: 550px) 100vw, 550px\" \/><\/p>\n<p><strong><u>CLLAJ<\/u> (Comit\u00e9 Local pour le Logement Autonome des Jeunes)<\/strong><\/p>\n<div>La mise en place et le fonctionnement des Comit\u00e9s Locaux pour le Logement Autonome des Jeunes sont r\u00e9gis par la Circulaire interministrielle n\u00b0383 du 29 juin 1990.<\/div>\n<div>\u00ab\u00a0Le Comit\u00e9 local est dot\u00e9 d&rsquo;une personnalit\u00e9 juridique autonome.<\/div>\n<div>Dans le cadre de la promotion de la qualit\u00e9 du logement des jeunes, les Comit\u00e9s Locaux pour le Logement Autonome des Jeunes ont pour mission :<\/div>\n<div><\/div>\n<div>1. D&rsquo;informer les jeunes sur les conditions d&rsquo;acc\u00e8s \u00e0 un logement autonome et de leur apprendre leurs droits et les obligations auxquelles ils devront ensuite se conformer.<\/div>\n<div>\u00a02. D&rsquo;offrir aux jeunes des services techniques. Ceux-ci permettront d&rsquo;aider des jeunes, qui bien que solvables, ne pr\u00e9sentent pas toutes les garanties exig\u00e9es par les bailleurs.<\/div>\n<p>3. De susciter un partenariat local ou d&rsquo;y collaborer pour rechercher les r\u00e9ponses les plus pertinentes aux besoins exprim\u00e9s par les\u00a0jeunes\u00a0\u00bb&#8230;<\/p>\n<p>&nbsp;<br \/>\n<strong><u>Le CLLAJ du Val de Bi\u00e8vre<\/u><\/strong><\/p>\n<p>Le CLLAJ du Val de Bi\u00e8vre est une association intercommunale, cr\u00e9e en 1992 par des travailleurs sociaux sur les communes de Cachan et de l&rsquo;Ha\u00ff Les Roses. En 1994, le territoire s&rsquo;est \u00e9largi \u00e0 la ville d&rsquo;Arcueil\u00a0et en 1998 \u00e0 la commune du Kremlin-Bic\u00eatre.<br \/>\nA partir d&rsquo;octobre 2000, il s&rsquo;est ouvert aux jeunes de 18 \u00e0 30 ans qui habitent ou travaillent sur le territoire de la Communaut\u00e9 d&rsquo;Agglom\u00e9ration du Val de Bi\u00e8vre, soient les communes d&rsquo;Arcueil, Cachan, Fresnes, Gentilly, l&rsquo;Ha\u00ff Les Roses, le Kremlin-Bic\u00eatre, Villejuif.<\/p>\n<div>Le CLLAJ a pour objet de soutenir, pr\u00e9parer et rendre autonome le jeune dans sa recherche de logement.<\/div>\n<div>Le CLLAJ s&rsquo;inscrit dans un large partenariat avec tous les intervenants sociaux (Circonscriptions, C.C.A.S., Missions Locales, Associations, villes,&#8230;).<\/div>\n","protected":false},"excerpt":{"rendered":"<p>&nbsp; CLLAJ (Comit\u00e9 Local pour le Logement Autonome des Jeunes) La mise en place et le fonctionnement des Comit\u00e9s Locaux pour le Logement Autonome des Jeunes sont r\u00e9gis par la Circulaire interministrielle n\u00b0383 du 29 juin 1990. \u00ab\u00a0Le Comit\u00e9 local est dot\u00e9 d&rsquo;une personnalit\u00e9 juridique autonome. Dans le cadre de la promotion de la qualit\u00e9 &hellip; <\/p>\n<p class=\"link-more\"><a href=\"http:\/\/cllajvdb.fr\/?page_id=33\" class=\"more-link\">Continuer la lecture<span class=\"screen-reader-text\"> de &laquo;&nbsp;Qui sommes-nous ?&nbsp;&raquo;<\/span><\/a><\/p>\n","protected":false},"author":1,"featured_media":0,"parent":0,"menu_order":0,"comment_status":"closed","ping_status":"closed","template":"","meta":[],"_links":{"self":[{"href":"http:\/\/cllajvdb.fr\/index.php?rest_route=\/wp\/v2\/pages\/33"}],"collection":[{"href":"http:\/\/cllajvdb.fr\/index.php?rest_route=\/wp\/v2\/pages"}],"about":[{"href":"http:\/\/cllajvdb.fr\/index.php?rest_route=\/wp\/v2\/types\/page"}],"author":[{"embeddable":true,"href":"http:\/\/cllajvdb.fr\/index.php?rest_route=\/wp\/v2\/users\/1"}],"replies":[{"embeddable":true,"href":"http:\/\/cllajvdb.fr\/index.php?rest_route=%2Fwp%2Fv2%2Fcomments&post=33"}],"version-history":[{"count":4,"href":"http:\/\/cllajvdb.fr\/index.php?rest_route=\/wp\/v2\/pages\/33\/revisions"}],"predecessor-version":[{"id":71,"href":"http:\/\/cllajvdb.fr\/index.php?rest_route=\/wp\/v2\/pages\/33\/revisions\/71"}],"wp:attachment":[{"href":"http:\/\/cllajvdb.fr\/index.php?rest_route=%2Fwp%2Fv2%2Fmedia&parent=33"}],"curies":[{"name":"wp","href":"https:\/\/api.w.org\/{rel}","templated":true}]}}